
-22112
Convert -201111 (base 3) to base 16.
-20e
Convert -4a6b (base 13) to base 4.
-2211013
What is -3531 (base 12) in base 5?
-142231
2322013 (base 4) to base 9
17304
6023 (base 7) to base 10
2075
-2ca (base 13) to base 9
-620
Convert -54111 (base 9) to base 6.
-433444
1393a (base 11) to base 10
19766
10011000000110 (base 2) to base 3
111100112
Convert 3243 (base 5) to base 3.
121121
Convert 333 (base 8) to base 13.
13b
What is -30222 (base 7) in base 6?
-53513
Convert 106 (base 8) to base 12.
5a
Convert 14 (base 8) to base 14.
c
What is 7834 (base 11) in base 12?
5b82
-2011a (base 14) to base 15
-17c6c
211212 (base 3) to base 5
4432
What is e8 (base 16) in base 11?
1a1
1100011011 (base 2) to base 13
492
Convert -253 (base 16) to base 2.
-1001010011
Convert -212302 (base 4) to base 13.
-118c
What is -1451 (base 13) in base 3?
-11000212
Convert 10111100011111 (base 2) to base 5.
341223
What is -3d74 (base 16) in base 4?
-3311310
-11212112 (base 3) to base 9
-4775
Convert 128 (base 15) to base 2.
100000111
237c (base 14) to base 5
144221
-11300330 (base 4) to base 5
-1223422
What is -200322 (base 5) in base 3?
-22200201
What is 21130310 (base 4) in base 11?
2709a
Convert 6963 (base 11) to base 4.
2032320
Convert 119 (base 13) to base 6.
515
Convert 3906 (base 15) to base 7.
50304
Convert -16574 (base 8) to base 12.
-4450
What is 1211002 (base 3) in base 9?
1732
Convert -1273 (base 13) to base 15.
-ba4
What is 122 (base 8) in base 11?
75
What is -940 (base 11) in base 9?
-1488
5a42 (base 14) to base 11
10908
Convert -715 (base 12) to base 16.
-401
What is 2433 (base 6) in base 14?
309
-7341 (base 9) to base 11
-4054
1100110101 (base 2) to base 14
429
Convert 10021001 (base 3) to base 14.
c1b
What is 1001110000001111 (base 2) in base 4?
21300033
What is -122120 (base 9) in base 11?
-50436
-134131 (base 7) to base 13
-b77c
Convert -2211c (base 14) to base 2.
-10100001001101110
Convert 662 (base 9) to base 3.
202002
Convert 123 (base 8) to base 14.
5d
What is 3322 (base 6) in base 3?
1001112
What is 132200 (base 4) in base 16?
7a0
-23743 (base 10) to base 7
-126136
41030 (base 8) to base 15
5030
What is -565 (base 14) in base 6?
-4541
What is 2966 (base 11) in base 2?
111011101111
Convert 20110301 (base 4) to base 13.
1269b
-5336 (base 7) to base 2
-11101100001
What is -2000211022 (base 3) in base 5?
-2234333
Convert 3422 (base 6) to base 12.
572
Convert -111200102 (base 3) to base 9.
-14612
What is -1d86 (base 14) in base 15?
-190a
Convert -5d5 (base 14) to base 6.
-5223
101302 (base 6) to base 4
1332212
What is 14828 (base 9) in base 4?
2132213
What is 155532 (base 6) in base 4?
3302300
Convert -1241 (base 12) to base 13.
-c2b
Convert 121021120 (base 3) to base 15.
37b3
Convert 406 (base 12) to base 3.
210120
What is -3b6e (base 16) in base 6?
-154234
5379 (base 11) to base 9
10663
2657 (base 16) to base 6
113235
What is -8308 (base 11) in base 8?
-25413
-33200 (base 4) to base 8
-1740
What is 1647 (base 10) in base 15?
74c
Convert -12330 (base 7) to base 12.
-1a73
-87c (base 16) to base 8
-4174
1013330 (base 4) to base 12
27b8
What is 10538 (base 9) in base 3?
100121022
Convert 1101001110101 (base 2) to base 14.
267b
What is 3192 (base 10) in base 15?
e2c
What is 2eee (base 15) in base 10?
10124
What is -4165 (base 7) in base 10?
-1468
Convert 1519 (base 12) to base 2.
100110100101
Convert -1656 (base 7) to base 12.
-486
Convert 1011111000111 (base 2) to base 7.
23514
11131 (base 7) to base 6
21011
What is -7851 (base 16) in base 4?
-13201101
1201221 (base 3) to base 7
3460
1157b (base 12) to base 2
101101011101111
Convert 7377 (base 8) to base 10.
3839
Convert 6e1 (base 15) to base 9.
2124
Convert -100010122 (base 3) to base 8.
-15003
Convert -2210221 (base 3) to base 13.
-c19
Convert -5d5 (base 14) to base 6.
-5223
2b0 (base 12) to base 7
1140
Convert -8403 (base 11) to base 6.
-123315
What is 2430 (base 5) in base 12?
265
What is -d87 (base 16) in base 7?
-13045
What is -35145 (base 6) in base 11?
-3866
What is -100010010011000 (base 2) in base 12?
-a1b4
What is 1201011 (base 4) in base 16?
1845
What is -6699 (base 12) in base 14?
-41c9
Convert 177b (base 14) to base 5.
113400
-2c8 (base 16) to base 4
-23020
10020210 (base 3) to base 16
942
2330 (base 11) to base 14
1186
What is -3452 (base 13) in base 9?
-11048
What is 34131 (base 6) in base 13?
225a
What is -2645 (base 9) in base 4?
-133001
340411 (base 5) to base 15
383b
Convert -1000101110 (base 2) to base 11.
-468
What is 77120 (base 9) in base 13?
1a370
Convert 2431 (base 6) to base 15.
29a
Convert 2304 (base 6) to base 7.
1405
What is -1211010 (base 3) in base 5?
-20301
-ae3 (base 15) to base 11
-193a
What is -13cb6 (base 13) in base 4?
-21013101
Convert -a6 (base 12) to base 2.
-1111110
-2102020 (base 4) to base 14
-35a0
-38 (base 11) to base 15
-2b
-10001111100 (base 2) to base 14
-5c0
Convert -14351 (base 6) to base 15.
-a34
Convert 1254 (base 15) to base 7.
14245
Convert 1029 (base 15) to base 13.
1728
Convert -12132 (base 5) to base 6.
-4125
What is -27a (base 14) in base 7?
-1313
-5153 (base 8) to base 12
-1663
Convert -1546 (base 13) to base 8.
-6034
Convert -1824 (base 9) to base 7.
-4036
Convert -116 (base 11) to base 14.
-9c
Convert -14833 (base 11) to base 10.
-20969
Convert 1013 (base 8) to base 11.
436
What is -30634 (base 11) in base 8?
-127216
What is e10c (base 15) in base 8?
134577
11111010011 (base 2) to base 4
133103
What is 164 (base 15) in base 16?
13f
33a1 (base 12) to base 11
4346
-2256 (base 10) to base 3
-10002120
111 (base 12) to base 6
421
Convert -b77 (base 12) to base 13.
-9bb
Convert 14203 (base 5) to base 14.
602
What is -111111101000 (base 2) in base 6?
-30504
What is -fcf (base 16) in base 5?
-112142
Convert -5114 (base 8) to base 13.
-127a
Convert b772 (base 12) to base 2.
100111010000110
-478e (base 15) to base 7
-62225
What is -2f2 (base 16) in base 9?
-1027
Convert 110051 (base 7) to base 10.
19244
Convert -507 (base 9) to base 5.
-3122
What is -2220202 (base 3) in base 13?
-c77
What is 255 (base 7) in base 9?
163
Convert 1034324 (base 5) to base 14.
6841
What is -1442 (base 6) in base 2?
-110000010
What is -73216 (base 8) in base 14?
-b0bc
What is -2512 (base 8) in base 7?
-3643
What is b27 (base 13) in base 16?
764
Convert 10131 (base 4) to base 7.
555
What is 1101111001 (base 2) in base 4?
31321
What is 100111111000011 (base 2) in base 13?
93a9
Convert 475 (base 9) to base 15.
1b2
What is 10212210 (base 3) in base 16?
b0d
-102012323 (base 4) to base 13
-279b6
Convert 3010 (base 5) to base 3.
112002
Convert 4042 (base 8) to base 15.
93c
Convert 1994 (base 12) to base 15.
de1
Convert 4605 (base 11) to base 9.
8267
What is 4243 (base 5) in base 3?
210020
What is 1010101001101 (base 2) in base 9?
7428
433 (base 16) to base 14
56b
Convert 9447 (base 13) to base 4.
11000130
23201 (base 4) to base 15
342
-5b8 (base 13) to base 5
-12441
What is 54 (base 15) in base 10?
79
-13589 (base 10) to base 2
-11010100010101
45342 (base 6) to base 16
18fe
Convert 4424 (base 5) to base 12.
432
What is -2110 (base 6) in base 13?
-2a6
What is 2da7 (base 15) in base 14?
3824
-740 (base 9) to base 12
-423
Convert -393a (base 15) to base 5.
-342310
Convert 132313 (base 5) to base 4.
1103111
1079 (base 14) to base 7
11212
Convert 12233 (base 4) to base 9.
528
10101111 (base 2) to base 3
20111
What is 430 (base 6) in base 15?
ac
What is -244 (base 6) in base 12?
-84
Convert -1700 (base 14) to base 10.
-4116
Convert -1a69 (base 15) to base 6.
-42300
What is -cb (base 15) in base 13?
-119
What is -98 (base 10) in base 14?
-70
Convert -6e4d (base 16) to base 12.
-14411
-2340 (base 5) to base 7
-1002
What is 11230 (base 4) in base 7?
1030
Convert c2 (base 14) to base 9.
208
1330 (base 14) to base 10
3374
1010000000 (base 2) to base 5
10030
2012202111 (base 3) to base 8
125054
-4246 (base 7) to base 5
-22004
102211120 (base 3) to base 16
21b4
-9465 (base 12) to base 7
-65150
-1003 (base 8) to base 4
-20003
Convert -82ac (base 16) to base 6.
-414512
What is -2001423 (base 5) in base 13?
-11442
Convert 686 (base 9) to base 5.
4224
Convert 27666 (base 9) to base 2.
100100101010011
What is -1a (base 15) in base 12?
-21
Convert -129 (base 11) to base 6.
-412
Convert -152225 (